{"id":37,"date":"2019-07-16T19:49:22","date_gmt":"2019-07-16T19:49:22","guid":{"rendered":"http:\/\/www.psichoterapijos-mokymas.org\/IPT\/\/?page_id=37"},"modified":"2020-06-11T15:48:19","modified_gmt":"2020-06-11T12:48:19","slug":"prasymo-formos","status":"publish","type":"page","link":"https:\/\/www.psichoterapijos-mokymas.lt\/IPT\/norintiems-mokytis\/prasymo-formos\/","title":{"rendered":"Pra\u0161ymo forma"},"content":{"rendered":"<p><!--StartFragment--><\/p>\n\n\n<p style=\"text-align:center\"> VARDAS PAVARD\u0116<br>a.k.\u00a0<br>\u00a0<br>\u00a0<br>VILNIAUS UNIVERSITETAS<br>REKTORIUI<br>\u00a0<br>\u00a0<br><strong>PRA\u0160YMAS<\/strong><br>2020-xx-xx<br>\u00a0<br>Pra\u0161au priimti mane studijuoti Vilniaus Universiteto Medicinos fakulteto Klinikin\u0117s medicinos instituto Psichiatrijos klinikos Mokymosi vis\u0105 gyvenim\u0105 programos kurse \u201eIndividuali psichodinamin\u0117 psichoterapija\u201c.<br>\u00a0<br><\/p>\n\n\n\n<p>Mano i\u0161silavinimas:&nbsp;<br>Dirbu:<br>Kontaktai:  <\/p>\n\n\n\n<p>Vardas Pavard\u0117 Para\u0161as&nbsp;&nbsp; <\/p>\n\n\n<p><!--EndFragment--><\/p>","protected":false},"excerpt":{"rendered":"<p>VARDAS PAVARD\u0116a.k.\u00a0\u00a0\u00a0VILNIAUS UNIVERSITETASREKTORIUI\u00a0\u00a0PRA\u0160YMAS2020-xx-xx\u00a0Pra\u0161au priimti mane studijuoti Vilniaus Universiteto Medicinos fakulteto Klinikin\u0117s medicinos instituto Psichiatrijos klinikos Mokymosi vis\u0105 gyvenim\u0105 programos kurse \u201eIndividuali psichodinamin\u0117 psichoterapija\u201c.\u00a0 Mano i\u0161silavinimas:&nbsp;Dirbu:Kontaktai: Vardas Pavard\u0117 Para\u0161as&nbsp;&nbsp;<\/p>\n","protected":false},"author":1,"featured_media":0,"parent":32,"menu_order":2,"comment_status":"closed","ping_status":"closed","template":"","meta":{"footnotes":""},"class_list":["post-37","page","type-page","status-publish","hentry"],"_links":{"self":[{"href":"https:\/\/www.psichoterapijos-mokymas.lt\/IPT\/wp-json\/wp\/v2\/pages\/37","targetHints":{"allow":["GET"]}}],"collection":[{"href":"https:\/\/www.psichoterapijos-mokymas.lt\/IPT\/wp-json\/wp\/v2\/pages"}],"about":[{"href":"https:\/\/www.psichoterapijos-mokymas.lt\/IPT\/wp-json\/wp\/v2\/types\/page"}],"author":[{"embeddable":true,"href":"https:\/\/www.psichoterapijos-mokymas.lt\/IPT\/wp-json\/wp\/v2\/users\/1"}],"replies":[{"embeddable":true,"href":"https:\/\/www.psichoterapijos-mokymas.lt\/IPT\/wp-json\/wp\/v2\/comments?post=37"}],"version-history":[{"count":4,"href":"https:\/\/www.psichoterapijos-mokymas.lt\/IPT\/wp-json\/wp\/v2\/pages\/37\/revisions"}],"predecessor-version":[{"id":260,"href":"https:\/\/www.psichoterapijos-mokymas.lt\/IPT\/wp-json\/wp\/v2\/pages\/37\/revisions\/260"}],"up":[{"embeddable":true,"href":"https:\/\/www.psichoterapijos-mokymas.lt\/IPT\/wp-json\/wp\/v2\/pages\/32"}],"wp:attachment":[{"href":"https:\/\/www.psichoterapijos-mokymas.lt\/IPT\/wp-json\/wp\/v2\/media?parent=37"}],"curies":[{"name":"wp","href":"https:\/\/api.w.org\/{rel}","templated":true}]}}