{"id":56,"date":"2019-07-16T19:58:31","date_gmt":"2019-07-16T19:58:31","guid":{"rendered":"http:\/\/www.psichoterapijos-mokymas.org\/IPT\/\/?page_id=56"},"modified":"2025-09-06T13:08:23","modified_gmt":"2025-09-06T10:08:23","slug":"ii-kursas","status":"publish","type":"page","link":"https:\/\/www.psichoterapijos-mokymas.lt\/IPT\/programa\/ii-kursas\/","title":{"rendered":"II kursas"},"content":{"rendered":"\n<p><strong>PSICHODINAMIN\u0116 ASMENYB\u0116S RAIDOS SAMPRATA IR ASMENYB\u0116S DIAGNOSTIKA&nbsp;<\/strong><\/p>\n\n\n\n<p>Paskaitos:<\/p>\n\n\n\n<ul class=\"wp-block-list\">\n<li>&nbsp;Asmenyb\u0117s raidos teorijos ir vaiko raidos tyrimai &nbsp;<\/li>\n\n\n\n<li>Psichoanaliz\u0117s mokyklos ir j\u0173 teorij\u0173 taikymo galimyb\u0117s<\/li>\n<\/ul>\n\n\n\n<p>\u00a0Seminarai:<\/p>\n\n\n\n<ul class=\"wp-block-list\">\n<li>Asmenyb\u0117s diagnostika (Pagal Psychodynamic Diagnostic Manual \u2013&nbsp;2)<\/li>\n\n\n\n<li>Psichoanalitin\u0117 diagnostika (pagal N.Mc Williams)<\/li>\n\n\n\n<li>Asmenyb\u0117s raidos teorija ir vaiko raidos tyrimai<\/li>\n<\/ul>\n\n\n\n<p>Grupin\u0117s supervizijos&nbsp;<\/p>\n","protected":false},"excerpt":{"rendered":"<p>PSICHODINAMIN\u0116 ASMENYB\u0116S RAIDOS SAMPRATA IR ASMENYB\u0116S DIAGNOSTIKA&nbsp; Paskaitos: \u00a0Seminarai: Grupin\u0117s supervizijos&nbsp;<\/p>\n","protected":false},"author":1,"featured_media":0,"parent":16,"menu_order":2,"comment_status":"closed","ping_status":"closed","template":"","meta":{"footnotes":""},"class_list":["post-56","page","type-page","status-publish","hentry"],"_links":{"self":[{"href":"https:\/\/www.psichoterapijos-mokymas.lt\/IPT\/wp-json\/wp\/v2\/pages\/56","targetHints":{"allow":["GET"]}}],"collection":[{"href":"https:\/\/www.psichoterapijos-mokymas.lt\/IPT\/wp-json\/wp\/v2\/pages"}],"about":[{"href":"https:\/\/www.psichoterapijos-mokymas.lt\/IPT\/wp-json\/wp\/v2\/types\/page"}],"author":[{"embeddable":true,"href":"https:\/\/www.psichoterapijos-mokymas.lt\/IPT\/wp-json\/wp\/v2\/users\/1"}],"replies":[{"embeddable":true,"href":"https:\/\/www.psichoterapijos-mokymas.lt\/IPT\/wp-json\/wp\/v2\/comments?post=56"}],"version-history":[{"count":6,"href":"https:\/\/www.psichoterapijos-mokymas.lt\/IPT\/wp-json\/wp\/v2\/pages\/56\/revisions"}],"predecessor-version":[{"id":577,"href":"https:\/\/www.psichoterapijos-mokymas.lt\/IPT\/wp-json\/wp\/v2\/pages\/56\/revisions\/577"}],"up":[{"embeddable":true,"href":"https:\/\/www.psichoterapijos-mokymas.lt\/IPT\/wp-json\/wp\/v2\/pages\/16"}],"wp:attachment":[{"href":"https:\/\/www.psichoterapijos-mokymas.lt\/IPT\/wp-json\/wp\/v2\/media?parent=56"}],"curies":[{"name":"wp","href":"https:\/\/api.w.org\/{rel}","templated":true}]}}