{"id":164,"date":"2019-08-11T20:27:28","date_gmt":"2019-08-11T17:27:28","guid":{"rendered":"http:\/\/psichoterapijos-mokymas.org\/grup\/?page_id=164"},"modified":"2025-10-02T01:21:04","modified_gmt":"2025-10-01T22:21:04","slug":"grupines-analizes-kursas","status":"publish","type":"page","link":"https:\/\/www.psichoterapijos-mokymas.lt\/grup\/grupines-analizes-kursas\/","title":{"rendered":"GA kursas"},"content":{"rendered":"\n<p class=\"has-medium-font-size\"><strong>GRUPIN\u0116S ANALIZ\u0116S MOKYMO PROGRAMA (2 metai) <\/strong><\/p>\n\n\n\n<p><em><strong>Grupin\u0117s analiz\u0117s kurso\u00a0tikslas &#8211; teori\u0161kai ir prakti\u0161kai parengti grupin\u0117s analiz\u0117s specialistus savaranki\u0161kam darbui\u00a0psichoterapin\u0117se analitin\u0117se\u00a0grup\u0117se psichiatrinio\/medicininio profilio \u012fstaigose, taikant grupin\u0117s analiz\u0117s teorij\u0105 ir metodus.\u00a0Studentai privalo analiti\u0161kai dirbti su klinikine grupe.<\/strong><\/em><\/p>\n\n\n\n<p><strong>Programa<\/strong>&nbsp;yra&nbsp;mokymosi vis\u0105 gyvenim\u0105 (\u012evadinis)&nbsp;kursas, \u012f kur\u012f priimami tik studentai&nbsp;ne ma\u017eiau kaip balu 7&nbsp;baig\u0119 &#8222;Psichodinamin\u0117s grupin\u0117s psichoterapijos&#8221; (\u012evadin\u0119) program\u0105.<\/p>\n\n\n\n<p><strong>Baig\u0119s \u0161i\u0105 program\u0105&nbsp;<\/strong>dalyvis mok\u0117s&nbsp;sudaryti ir vesti tinkamai subalansuot\u0105 grupin\u0117s analiz\u0117s grup\u0119, naudojantis analitiniais principais, \u012fvairiose psichikos sveikatos apsaugos bei kitokio profilio \u012fstaigose ir ambulatori\u0161kai; geb\u0117s naudotis visomis grupinio analitiko technin\u0117mis priemon\u0117mis grup\u0117s vedimo metu, tinkamai jas parinkti pagal grup\u0117s vystymosi etapus ir i\u0161kilusias praktines situacijas;&nbsp;mok\u0117s taikyti grupin\u0117s analiz\u0117s metodus did\u017ei\u0173j\u0173 grupi\u0173 ir terapini\u0173 bendruomeni\u0173 vedime, o taip pat kitose terapin\u0117se ir socialin\u0117se situacijose.<\/p>\n\n\n\n<p>S\u0117kmingai baigusieji piln\u0105 mokymo program\u0105 gauna nustatytos formos&nbsp;VU mokymosi vis\u0105 gyvenim\u0105 (\u012evadinio)&nbsp;kurso &#8222;Grupin\u0117 analiz\u0117&#8221; baigimo pa\u017eym\u0117jim\u0105.&nbsp;<\/p>\n\n\n\n<p>Kurso kaina: 2500 Eur u\u017e vienerius studij\u0173 metus.<\/p>\n","protected":false},"excerpt":{"rendered":"<p>GRUPIN\u0116S ANALIZ\u0116S MOKYMO PROGRAMA (2 metai) Grupin\u0117s analiz\u0117s kurso\u00a0tikslas &#8211; teori\u0161kai ir prakti\u0161kai parengti grupin\u0117s analiz\u0117s specialistus savaranki\u0161kam darbui\u00a0psichoterapin\u0117se analitin\u0117se\u00a0grup\u0117se psichiatrinio\/medicininio profilio \u012fstaigose, taikant grupin\u0117s analiz\u0117s teorij\u0105 ir metodus.\u00a0Studentai privalo analiti\u0161kai dirbti su klinikine grupe. Programa&nbsp;yra&nbsp;mokymosi vis\u0105 gyvenim\u0105 (\u012evadinis)&nbsp;kursas, \u012f kur\u012f priimami tik studentai&nbsp;ne ma\u017eiau kaip balu 7&nbsp;baig\u0119 &#8222;Psichodinamin\u0117s grupin\u0117s psichoterapijos&#8221; (\u012evadin\u0119) program\u0105. Baig\u0119s \u0161i\u0105<\/p>\n<p class=\"text-right\"><span class=\"screen-reader-text\">Skaityti toliau&#8230; GA kursas<\/span><a class=\"btn btn-secondary continue-reading\" href=\"https:\/\/www.psichoterapijos-mokymas.lt\/grup\/grupines-analizes-kursas\/\">Skaityti toliau&#8230;<\/a><\/p>\n","protected":false},"author":1,"featured_media":0,"parent":0,"menu_order":6,"comment_status":"closed","ping_status":"closed","template":"","meta":{"footnotes":""},"class_list":["post-164","page","type-page","status-publish","hentry"],"aioseo_notices":[],"_links":{"self":[{"href":"https:\/\/www.psichoterapijos-mokymas.lt\/grup\/wp-json\/wp\/v2\/pages\/164","targetHints":{"allow":["GET"]}}],"collection":[{"href":"https:\/\/www.psichoterapijos-mokymas.lt\/grup\/wp-json\/wp\/v2\/pages"}],"about":[{"href":"https:\/\/www.psichoterapijos-mokymas.lt\/grup\/wp-json\/wp\/v2\/types\/page"}],"author":[{"embeddable":true,"href":"https:\/\/www.psichoterapijos-mokymas.lt\/grup\/wp-json\/wp\/v2\/users\/1"}],"replies":[{"embeddable":true,"href":"https:\/\/www.psichoterapijos-mokymas.lt\/grup\/wp-json\/wp\/v2\/comments?post=164"}],"version-history":[{"count":9,"href":"https:\/\/www.psichoterapijos-mokymas.lt\/grup\/wp-json\/wp\/v2\/pages\/164\/revisions"}],"predecessor-version":[{"id":843,"href":"https:\/\/www.psichoterapijos-mokymas.lt\/grup\/wp-json\/wp\/v2\/pages\/164\/revisions\/843"}],"wp:attachment":[{"href":"https:\/\/www.psichoterapijos-mokymas.lt\/grup\/wp-json\/wp\/v2\/media?parent=164"}],"curies":[{"name":"wp","href":"https:\/\/api.w.org\/{rel}","templated":true}]}}