{"id":35,"date":"2019-07-16T19:48:42","date_gmt":"2019-07-16T19:48:42","guid":{"rendered":"http:\/\/psichoterapijos-mokymas.org\/grup\/\/?page_id=35"},"modified":"2026-03-23T22:36:35","modified_gmt":"2026-03-23T20:36:35","slug":"priemimo-tvarka","status":"publish","type":"page","link":"https:\/\/www.psichoterapijos-mokymas.lt\/grup\/norintiems-mokytis\/priemimo-tvarka\/","title":{"rendered":"Pri\u0117mimo tvarka"},"content":{"rendered":"\n<p><strong>Naujieji mokslo metai prasid\u0117s\u00a02027 m. sausio m\u0117n.<\/strong><\/p>\n\n\n\n<p>Dokument\u0173 pateikimo terminas norintiesiems studijuoti Psichodinamin\u0117s grupi\u0173 psichoterapijos (PGT) ir Darbo su suaugusi\u0173j\u0173 grup\u0117mis organizacijose (ORG) programose bus paskelbtas 2026 m. rugs\u0117jo m\u0117n.<\/p>\n\n\n\n<p><\/p>\n\n\n\n<ol class=\"wp-block-list\">\n<li>Kandidatai iki nurodytos datos el. pa\u0161tu psigrupterap@gmail.com turi pateikti:\n<ul class=\"wp-block-list\">\n<li>pra\u0161ym\u0105 Vilniaus universiteto Rektoriaus vardu (<a href=\"https:\/\/www.psichoterapijos-mokymas.lt\/grup\/norintiems-mokytis\/prasymo-formos\/\" title=\"Pra\u0161ymo forma\">pra\u0161ymo form\u0105 galite rasti \u010dia<\/a>);<\/li>\n\n\n\n<li>auk\u0161tojo mokslo diplomo ir kit\u0173 \u012fgyt\u0105 kvalifikacij\u0105 liudijan\u010di\u0173 dokument\u0173 kopijas;<\/li>\n\n\n\n<li>profesin\u012f CV<\/li>\n<\/ul>\n<\/li>\n\n\n\n<li>\u012evertin\u0119 j\u016bs\u0173 dokumentus, pakviesime \u012f atrankos pokalbius su paskirtais specialistais:\n<ul class=\"wp-block-list\">\n<li>Kiekvienas stojantysis tur\u0117s dalyvauti dviejuose atrankos pokalbiuose;<\/li>\n\n\n\n<li>\u012e pirm\u0105j\u012f pokalb\u012f privalu atsine\u0161ti atspausdint\u0105 trump\u0105 2-4 psl. autobiografij\u0105. Joje pra\u0161ome laisva forma apib\u016bdinti psichologin\u012f savo raidos kontekst\u0105, santykius su svarbiais asmenimis, reik\u0161mingas patirtis, i\u0161gyventas krizes bei j\u0173 \u012fveikos b\u016bdus ir pan. Autobiografijos palikti nereik\u0117s, ji bus naudojama tik pokalbio metu, ta\u010diau be jos atrankos pokalbis ne\u012fvyks.<\/li>\n\n\n\n<li>Atrankos pokalbiai &#8211; mokami. Vieno pokalbio kaina &#8211; 50 Eur (i\u0161 viso dalyvavimas atrankoje kainuoja 100 Eur). Apie mokes\u010dio mok\u0117jimo tvark\u0105 informuos atrankos specialistas pokalbio metu. Dalyvavimo atrankoje mokestis nebus gr\u0105\u017einamas nepriklausomai nuo atrankos rezultat\u0173.<\/li>\n<\/ul>\n<\/li>\n\n\n\n<li>Apie atrankos pokalbi\u0173 rezultatus kandidatai bus informuojami el. pa\u0161tu gruod\u017eio antroje pus\u0117je.<\/li>\n\n\n\n<li>Sprendim\u0105 d\u0117l pri\u0117mimo studijuoti programoje priims Mokymo komitetas. <\/li>\n\n\n\n<li>\u012e program\u0173 klausytoj\u0173 s\u0105ra\u0161us bus \u012ftraukiami tik teigiam\u0105 sprendim\u0105 gav\u0119, su Vilniaus universitetu sutart\u012f pasira\u0161\u0119 ir u\u017e pirmuosius studij\u0173 metus sumok\u0117j\u0119 kandidatai.<\/li>\n<\/ol>\n\n\n\n<p><br>Prie\u0161 teikiant dokumentus, kvie\u010diame susipa\u017einti su program\u0173 reglamentais:<\/p>\n\n\n\n<p><a href=\"https:\/\/www.psichoterapijos-mokymas.lt\/grup\/programa\/v-kursas\/\" title=\"Reglamentas\">PGT reglamentas<\/a><\/p>\n\n\n\n<p><a href=\"https:\/\/www.psichoterapijos-mokymas.lt\/grup\/org-kursas\/reglamentas\/\" title=\"Reglamentas\">ORG reglamentas<\/a><\/p>\n\n\n\n<p><br><\/p>\n\n\n\n<p>Daugiau informacijos: el. pa\u0161tu psigrupterap@gmail.com <\/p>\n\n\n\n<p><\/p>\n","protected":false},"excerpt":{"rendered":"<p>Naujieji mokslo metai prasid\u0117s\u00a02027 m. sausio m\u0117n. Dokument\u0173 pateikimo terminas norintiesiems studijuoti Psichodinamin\u0117s grupi\u0173 psichoterapijos (PGT) ir Darbo su suaugusi\u0173j\u0173 grup\u0117mis organizacijose (ORG) programose bus paskelbtas 2026 m. rugs\u0117jo m\u0117n. Prie\u0161 teikiant dokumentus, kvie\u010diame susipa\u017einti su program\u0173 reglamentais: PGT reglamentas ORG reglamentas Daugiau informacijos: el. pa\u0161tu psigrupterap@gmail.com<\/p>\n","protected":false},"author":1,"featured_media":0,"parent":32,"menu_order":1,"comment_status":"closed","ping_status":"closed","template":"","meta":{"footnotes":""},"class_list":["post-35","page","type-page","status-publish","hentry"],"aioseo_notices":[],"_links":{"self":[{"href":"https:\/\/www.psichoterapijos-mokymas.lt\/grup\/wp-json\/wp\/v2\/pages\/35","targetHints":{"allow":["GET"]}}],"collection":[{"href":"https:\/\/www.psichoterapijos-mokymas.lt\/grup\/wp-json\/wp\/v2\/pages"}],"about":[{"href":"https:\/\/www.psichoterapijos-mokymas.lt\/grup\/wp-json\/wp\/v2\/types\/page"}],"author":[{"embeddable":true,"href":"https:\/\/www.psichoterapijos-mokymas.lt\/grup\/wp-json\/wp\/v2\/users\/1"}],"replies":[{"embeddable":true,"href":"https:\/\/www.psichoterapijos-mokymas.lt\/grup\/wp-json\/wp\/v2\/comments?post=35"}],"version-history":[{"count":33,"href":"https:\/\/www.psichoterapijos-mokymas.lt\/grup\/wp-json\/wp\/v2\/pages\/35\/revisions"}],"predecessor-version":[{"id":943,"href":"https:\/\/www.psichoterapijos-mokymas.lt\/grup\/wp-json\/wp\/v2\/pages\/35\/revisions\/943"}],"up":[{"embeddable":true,"href":"https:\/\/www.psichoterapijos-mokymas.lt\/grup\/wp-json\/wp\/v2\/pages\/32"}],"wp:attachment":[{"href":"https:\/\/www.psichoterapijos-mokymas.lt\/grup\/wp-json\/wp\/v2\/media?parent=35"}],"curies":[{"name":"wp","href":"https:\/\/api.w.org\/{rel}","templated":true}]}}