{"id":37,"date":"2019-07-16T19:49:22","date_gmt":"2019-07-16T19:49:22","guid":{"rendered":"http:\/\/psichoterapijos-mokymas.org\/grup\/\/?page_id=37"},"modified":"2025-10-02T01:10:04","modified_gmt":"2025-10-01T22:10:04","slug":"prasymo-formos","status":"publish","type":"page","link":"https:\/\/www.psichoterapijos-mokymas.lt\/grup\/norintiems-mokytis\/prasymo-formos\/","title":{"rendered":"Pra\u0161ymo forma"},"content":{"rendered":"\n<p>VARDAS PAVARD\u0116<br>a.k.\u00a0<br>\u00a0<br>\u00a0<br>VILNIAUS UNIVERSITETO<br>REKTORIUI<br>\u00a0<br>\u00a0<br><strong>PRA\u0160YMAS<\/strong><br>2025-xx-xx<br>\u00a0<br>Pra\u0161au priimti mane studijuoti Vilniaus universiteto Medicinos fakulteto Klinikin\u0117s medicinos instituto Psichiatrijos klinikos Mokymosi vis\u0105 gyvenim\u0105 programoje __________________________________________\u00a0(<em>pra\u0161ome nurodyti, kurioje: \u201ePsichodinamin\u0117 grupi\u0173 psichoterapija\u201c ar\u00a0\u201eDarbo su suaugusi\u0173j\u0173 grup\u0117mis organizacijose\u201c ar &#8222;Grupin\u0117 analiz\u0117&#8221;<\/em>).<br>\u00a0<br><\/p>\n\n\n\n<p>Mano i\u0161silavinimas:&nbsp;<br>Dirbu:<br>Kontaktai:&nbsp;<\/p>\n\n\n\n<p>Vardas Pavard\u0117 Para\u0161as&nbsp;&nbsp;<\/p>\n","protected":false},"excerpt":{"rendered":"<p>VARDAS PAVARD\u0116a.k.\u00a0\u00a0\u00a0VILNIAUS UNIVERSITETOREKTORIUI\u00a0\u00a0PRA\u0160YMAS2025-xx-xx\u00a0Pra\u0161au priimti mane studijuoti Vilniaus universiteto Medicinos fakulteto Klinikin\u0117s medicinos instituto Psichiatrijos klinikos Mokymosi vis\u0105 gyvenim\u0105 programoje __________________________________________\u00a0(pra\u0161ome nurodyti, kurioje: \u201ePsichodinamin\u0117 grupi\u0173 psichoterapija\u201c ar\u00a0\u201eDarbo su suaugusi\u0173j\u0173 grup\u0117mis organizacijose\u201c ar &#8222;Grupin\u0117 analiz\u0117&#8221;).\u00a0 Mano i\u0161silavinimas:&nbsp;Dirbu:Kontaktai:&nbsp; Vardas Pavard\u0117 Para\u0161as&nbsp;&nbsp;<\/p>\n","protected":false},"author":1,"featured_media":0,"parent":32,"menu_order":2,"comment_status":"closed","ping_status":"closed","template":"","meta":{"footnotes":""},"class_list":["post-37","page","type-page","status-publish","hentry"],"aioseo_notices":[],"_links":{"self":[{"href":"https:\/\/www.psichoterapijos-mokymas.lt\/grup\/wp-json\/wp\/v2\/pages\/37","targetHints":{"allow":["GET"]}}],"collection":[{"href":"https:\/\/www.psichoterapijos-mokymas.lt\/grup\/wp-json\/wp\/v2\/pages"}],"about":[{"href":"https:\/\/www.psichoterapijos-mokymas.lt\/grup\/wp-json\/wp\/v2\/types\/page"}],"author":[{"embeddable":true,"href":"https:\/\/www.psichoterapijos-mokymas.lt\/grup\/wp-json\/wp\/v2\/users\/1"}],"replies":[{"embeddable":true,"href":"https:\/\/www.psichoterapijos-mokymas.lt\/grup\/wp-json\/wp\/v2\/comments?post=37"}],"version-history":[{"count":14,"href":"https:\/\/www.psichoterapijos-mokymas.lt\/grup\/wp-json\/wp\/v2\/pages\/37\/revisions"}],"predecessor-version":[{"id":833,"href":"https:\/\/www.psichoterapijos-mokymas.lt\/grup\/wp-json\/wp\/v2\/pages\/37\/revisions\/833"}],"up":[{"embeddable":true,"href":"https:\/\/www.psichoterapijos-mokymas.lt\/grup\/wp-json\/wp\/v2\/pages\/32"}],"wp:attachment":[{"href":"https:\/\/www.psichoterapijos-mokymas.lt\/grup\/wp-json\/wp\/v2\/media?parent=37"}],"curies":[{"name":"wp","href":"https:\/\/api.w.org\/{rel}","templated":true}]}}