{"id":44,"date":"2019-07-16T19:52:29","date_gmt":"2019-07-16T19:52:29","guid":{"rendered":"http:\/\/psichoterapijos-mokymas.org\/grup\/\/?page_id=44"},"modified":"2025-10-01T00:20:00","modified_gmt":"2025-09-30T21:20:00","slug":"baigiamuju-darbu-pateikimo-datos","status":"publish","type":"page","link":"https:\/\/www.psichoterapijos-mokymas.lt\/grup\/kursantams\/baigiamuju-darbu-pateikimo-datos\/","title":{"rendered":"Baigiam\u0173j\u0173 darb\u0173 pateikimo datos"},"content":{"rendered":"\n<p>2025 m. mokslo met\u0173 baigiam\u0173j\u0173 darb\u0173 rengimo ir pateikimo terminai baig\u0117si.<\/p>\n","protected":false},"excerpt":{"rendered":"<p>2025 m. mokslo met\u0173 baigiam\u0173j\u0173 darb\u0173 rengimo ir pateikimo terminai baig\u0117si.<\/p>\n","protected":false},"author":1,"featured_media":0,"parent":39,"menu_order":2,"comment_status":"closed","ping_status":"closed","template":"","meta":{"footnotes":""},"class_list":["post-44","page","type-page","status-publish","hentry"],"aioseo_notices":[],"_links":{"self":[{"href":"https:\/\/www.psichoterapijos-mokymas.lt\/grup\/wp-json\/wp\/v2\/pages\/44","targetHints":{"allow":["GET"]}}],"collection":[{"href":"https:\/\/www.psichoterapijos-mokymas.lt\/grup\/wp-json\/wp\/v2\/pages"}],"about":[{"href":"https:\/\/www.psichoterapijos-mokymas.lt\/grup\/wp-json\/wp\/v2\/types\/page"}],"author":[{"embeddable":true,"href":"https:\/\/www.psichoterapijos-mokymas.lt\/grup\/wp-json\/wp\/v2\/users\/1"}],"replies":[{"embeddable":true,"href":"https:\/\/www.psichoterapijos-mokymas.lt\/grup\/wp-json\/wp\/v2\/comments?post=44"}],"version-history":[{"count":9,"href":"https:\/\/www.psichoterapijos-mokymas.lt\/grup\/wp-json\/wp\/v2\/pages\/44\/revisions"}],"predecessor-version":[{"id":772,"href":"https:\/\/www.psichoterapijos-mokymas.lt\/grup\/wp-json\/wp\/v2\/pages\/44\/revisions\/772"}],"up":[{"embeddable":true,"href":"https:\/\/www.psichoterapijos-mokymas.lt\/grup\/wp-json\/wp\/v2\/pages\/39"}],"wp:attachment":[{"href":"https:\/\/www.psichoterapijos-mokymas.lt\/grup\/wp-json\/wp\/v2\/media?parent=44"}],"curies":[{"name":"wp","href":"https:\/\/api.w.org\/{rel}","templated":true}]}}