{"id":524,"date":"2020-05-27T07:11:31","date_gmt":"2020-05-27T04:11:31","guid":{"rendered":"http:\/\/psichoterapijos-mokymas.org\/grup\/?page_id=524"},"modified":"2024-10-02T20:24:16","modified_gmt":"2024-10-02T17:24:16","slug":"supervizoriai","status":"publish","type":"page","link":"https:\/\/www.psichoterapijos-mokymas.lt\/grup\/kursantams\/supervizoriai\/","title":{"rendered":"Supervizoriai"},"content":{"rendered":"\n<p><strong>Individuali diagnostika ir dinamika:<\/strong><br>Birut\u0117 Did\u017eiokait\u0117 Fleming, Tomas Grigonis, Au\u0161ra \u0160apranauskien\u0117, Rima Samu\u0161yt\u0117, Ieva Ga\u0161kait\u0117, Inga \u0160ulcien\u0117, Vitalija Mickut\u0117, Audron\u0117 Nemanien\u0117, Eugenijus Laurinaitis<br><br><strong>Grupini\u0173 proces\u0173 diagnostika ir dinamika:<\/strong><br>Sigita A\u0161vydien\u0117, Eugenijus Laurinaitis, Taida Tiri\u016bn\u0117, Evaldas Simutis, J\u016brat\u0117 Ulevi\u010dien\u0117, Egl\u0117 Pau\u017eien\u0117<br><br><strong>Komad\u0173 dinamika organizacijose:<\/strong> <br>Saul\u0117 Tri\u0161kuvien\u0117 ir Milda Autukait\u0117<br><br><strong>PRIMENAME<\/strong>: papildomos supervizijos &#8211; <em><strong>ne b\u016btinyb\u0117<\/strong><\/em>, o tik galimyb\u0117. <br>Reglamente ra\u0161oma: &#8222;Klausytojai, <em><strong>esant poreikiui<\/strong><\/em>,\u00a0<strong><em>kur\u012f laik\u0105<\/em><\/strong>\u00a0gali\u00a0tur\u0117ti\u00a0individualias (papildomas) supervizijas.\u00a0&lt;&#8230;><br>Individualiu supervizoriumi negali\u00a0b\u016bti\u00a0SV\u00a0grup\u0117s\u00a0supervizoriaus.&#8221;<\/p>\n","protected":false},"excerpt":{"rendered":"<p>Individuali diagnostika ir dinamika:Birut\u0117 Did\u017eiokait\u0117 Fleming, Tomas Grigonis, Au\u0161ra \u0160apranauskien\u0117, Rima Samu\u0161yt\u0117, Ieva Ga\u0161kait\u0117, Inga \u0160ulcien\u0117, Vitalija Mickut\u0117, Audron\u0117 Nemanien\u0117, Eugenijus Laurinaitis Grupini\u0173 proces\u0173 diagnostika ir dinamika:Sigita A\u0161vydien\u0117, Eugenijus Laurinaitis, Taida Tiri\u016bn\u0117, Evaldas Simutis, J\u016brat\u0117 Ulevi\u010dien\u0117, Egl\u0117 Pau\u017eien\u0117 Komad\u0173 dinamika organizacijose: Saul\u0117 Tri\u0161kuvien\u0117 ir Milda Autukait\u0117 PRIMENAME: papildomos supervizijos &#8211; ne b\u016btinyb\u0117, o tik galimyb\u0117.<\/p>\n<p class=\"text-right\"><span class=\"screen-reader-text\">Skaityti toliau&#8230; Supervizoriai<\/span><a class=\"btn btn-secondary continue-reading\" href=\"https:\/\/www.psichoterapijos-mokymas.lt\/grup\/kursantams\/supervizoriai\/\">Skaityti toliau&#8230;<\/a><\/p>\n","protected":false},"author":1,"featured_media":0,"parent":39,"menu_order":4,"comment_status":"closed","ping_status":"closed","template":"","meta":{"footnotes":""},"class_list":["post-524","page","type-page","status-publish","hentry"],"aioseo_notices":[],"_links":{"self":[{"href":"https:\/\/www.psichoterapijos-mokymas.lt\/grup\/wp-json\/wp\/v2\/pages\/524","targetHints":{"allow":["GET"]}}],"collection":[{"href":"https:\/\/www.psichoterapijos-mokymas.lt\/grup\/wp-json\/wp\/v2\/pages"}],"about":[{"href":"https:\/\/www.psichoterapijos-mokymas.lt\/grup\/wp-json\/wp\/v2\/types\/page"}],"author":[{"embeddable":true,"href":"https:\/\/www.psichoterapijos-mokymas.lt\/grup\/wp-json\/wp\/v2\/users\/1"}],"replies":[{"embeddable":true,"href":"https:\/\/www.psichoterapijos-mokymas.lt\/grup\/wp-json\/wp\/v2\/comments?post=524"}],"version-history":[{"count":10,"href":"https:\/\/www.psichoterapijos-mokymas.lt\/grup\/wp-json\/wp\/v2\/pages\/524\/revisions"}],"predecessor-version":[{"id":736,"href":"https:\/\/www.psichoterapijos-mokymas.lt\/grup\/wp-json\/wp\/v2\/pages\/524\/revisions\/736"}],"up":[{"embeddable":true,"href":"https:\/\/www.psichoterapijos-mokymas.lt\/grup\/wp-json\/wp\/v2\/pages\/39"}],"wp:attachment":[{"href":"https:\/\/www.psichoterapijos-mokymas.lt\/grup\/wp-json\/wp\/v2\/media?parent=524"}],"curies":[{"name":"wp","href":"https:\/\/api.w.org\/{rel}","templated":true}]}}