{"id":66,"date":"2019-07-16T20:01:54","date_gmt":"2019-07-16T17:01:54","guid":{"rendered":"http:\/\/psichoterapijos-mokymas.org\/grup\/\/?page_id=66"},"modified":"2026-03-23T22:40:41","modified_gmt":"2026-03-23T20:40:41","slug":"kontaktai","status":"publish","type":"page","link":"https:\/\/www.psichoterapijos-mokymas.lt\/grup\/kontaktai\/","title":{"rendered":"Kontaktai"},"content":{"rendered":"\n<p>Visais klausimais kvie\u010diame ra\u0161yti program\u0173 Mokymo komitetui el. pa\u0161to adresu psigrupterap@gmail.com.<br><br>Psichodinamin\u0117s grupi\u0173 psichoterapijos, Grupin\u0117s analiz\u0117s ir Darbo su suaugusi\u0173j\u0173 grup\u0117mis organizacijose mokymo program\u0173 Mokymo komitet\u0105 sudaro: <br>B. \u0160vedait\u0117-Sakalausk\u0117, T. Tiri\u016bn\u0117, B. Gulbinait\u0117, M. Autukait\u0117, V. Neviera<\/p>\n\n\n\n<p><\/p>\n","protected":false},"excerpt":{"rendered":"<p>Visais klausimais kvie\u010diame ra\u0161yti program\u0173 Mokymo komitetui el. pa\u0161to adresu psigrupterap@gmail.com. Psichodinamin\u0117s grupi\u0173 psichoterapijos, Grupin\u0117s analiz\u0117s ir Darbo su suaugusi\u0173j\u0173 grup\u0117mis organizacijose mokymo program\u0173 Mokymo komitet\u0105 sudaro: B. \u0160vedait\u0117-Sakalausk\u0117, T. Tiri\u016bn\u0117, B. Gulbinait\u0117, M. Autukait\u0117, V. Neviera<\/p>\n","protected":false},"author":1,"featured_media":0,"parent":0,"menu_order":9,"comment_status":"closed","ping_status":"closed","template":"","meta":{"footnotes":""},"class_list":["post-66","page","type-page","status-publish","hentry"],"aioseo_notices":[],"_links":{"self":[{"href":"https:\/\/www.psichoterapijos-mokymas.lt\/grup\/wp-json\/wp\/v2\/pages\/66","targetHints":{"allow":["GET"]}}],"collection":[{"href":"https:\/\/www.psichoterapijos-mokymas.lt\/grup\/wp-json\/wp\/v2\/pages"}],"about":[{"href":"https:\/\/www.psichoterapijos-mokymas.lt\/grup\/wp-json\/wp\/v2\/types\/page"}],"author":[{"embeddable":true,"href":"https:\/\/www.psichoterapijos-mokymas.lt\/grup\/wp-json\/wp\/v2\/users\/1"}],"replies":[{"embeddable":true,"href":"https:\/\/www.psichoterapijos-mokymas.lt\/grup\/wp-json\/wp\/v2\/comments?post=66"}],"version-history":[{"count":10,"href":"https:\/\/www.psichoterapijos-mokymas.lt\/grup\/wp-json\/wp\/v2\/pages\/66\/revisions"}],"predecessor-version":[{"id":946,"href":"https:\/\/www.psichoterapijos-mokymas.lt\/grup\/wp-json\/wp\/v2\/pages\/66\/revisions\/946"}],"wp:attachment":[{"href":"https:\/\/www.psichoterapijos-mokymas.lt\/grup\/wp-json\/wp\/v2\/media?parent=66"}],"curies":[{"name":"wp","href":"https:\/\/api.w.org\/{rel}","templated":true}]}}